t common factor of m and 18?
18
Suppose 4*f - 594 = -o, 2*f + 2*o = 4*o + 292. What is the greatest common factor of f and 37?
37
Let c(s) = 10*s - 8. Let z be c(3). Calculate the greatest common divisor of 55 and z.
11
Suppose -4*t - 2 = -3*j, 5*j - 2*t + 3*t = 11. Let o = 24 - 14. What is the highest common divisor of j and o?
2
Let c(s) = -s**3 - 6*s**2 - 6*s - 3. Let d be c(-5). Let u(t) = 2*t**3 + t - 2. Let x be u(2). What is the highest common factor of d and x?
2
Suppose 14 = -6*t + 134. What is the highest common factor of t and 40?
20
Let h be 71 - ((-6)/(-3) + -1). What is the greatest common divisor of h and 28?
14
Let f(k) = -k**2 - 21*k - 37. Let x be f(-18). What is the greatest common factor of 68 and x?
17
Let r(n) = n. Let y(u) = u**2 + 6*u - 9. Let f(d) = 5*r(d) - y(d). Let w be f(0). Let h = -3 + 4. What is the greatest common divisor of h and w?
1
Let r = -60 - -90. Calculate the greatest common divisor of r and 120.
30
Suppose -4*j + 209 = -l, -3*j + 0*j + 155 = l. What is the highest common factor of j and 78?
26
Let q = -18 - -19. Calculate the highest common divisor of 1 and q.
1
Let l(t) = t**3 - 10*t**2 + 9*t. Let a be l(9). Suppose -2*i + 36 = 4*d, 0 = 5*i - a*d + 4*d - 108. What is the greatest common divisor of i and 3?
3
Suppose -h = -0*h + 2*w + 9, 2*h + 5*w = -21. Let a = 7 + h. What is the highest common factor of 16 and a?
4
Suppose -264 = -6*t - 5*t. Suppose -6*x + 180 = -x. What is the greatest common factor of t and x?
12
Let b = -2 + 14. Let i(v) = 6*v**2 + v. Let f be i(4). Suppose -f + 436 = 4*k. Calculate the highest common factor of b and k.
12
Let u(y) = -y**3 + 7*y**2 + 21*y - 20. Let j be u(9). What is the highest common divisor of j and 91?
7
Suppose -12 = -5*r + 18. Let g be 33/r + 6/4. What is the greatest common factor of 21 and g?
7
Let k = 118 - 94. Calculate the greatest common factor of 8 and k.
8
Let n = 2 - 1. Suppose -b + 2 = -n. Suppose 5*j - 30 = b*h - 6*h, 3*j = 5*h + 52. What is the greatest common factor of 27 and j?
9
Suppose 0 = 8*r - 7*r - 1. What is the greatest common factor of 1 and r?
1
Suppose -2*g - 4 = -p - 2, 2*g + 5*p = 10. Let y = g + 5. Suppose 7 = w + 2. Calculate the greatest common divisor of y and w.
5
Suppose 5*b - 2*k - 13 = 26, -4*k - 1 = b. Calculate the greatest common factor of 63 and b.
7
Let l be (0 - -14)/((-6)/(-12)). Calculate the highest common factor of 42 and l.
14
Let w = 53 - 34. Calculate the greatest common factor of 19 and w.
19
Let p = 21 + 37. Let i = 207 - 178. Calculate the highest common divisor of i and p.
29
Let t = -77 - -149. Suppose -2*c + t = -c. What is the greatest common factor of 8 and c?
8
Suppose -2*o + 3 = -o. Calculate the highest common divisor of 1 and o.
1
Let p(m) = 4*m**2 + 12 + 6 + m**3 - 2 - 3*m**2. Let f be p(0). Let c be ((-6)/5)/(3/(-60)). What is the highest common factor of c and f?
8
Suppose -11 + 7 = -i. What is the greatest common divisor of 32 and i?
4
Let p be 1*-2*(-2 + 1). Suppose p*n - 80 = -0*n. Let u = 65 - n. Calculate the greatest common divisor of u and 10.
5
Let l(c) = c**3 + 7*c**2 + 4*c - 2. Let k be l(-6). Let r(u) = u**3 - 20*u**2 + 4*u - 10. Let b be r(20). Calculate the highest common divisor of k and b.
10
Suppose -4*w - 5*t - 15 = w, 2*t = -w - 2. Let g be 6 + w + 2 + -2. Let b be 1 - 2/(g/(-131)). What is the greatest common factor of b and 12?
12
Let h = 26 - -4. Calculate the highest common divisor of 6 and h.
6
Let z be 2/(6/(-9)) - -6. Suppose 0 = 2*i + 5*s - 76, -32 - 61 = -z*i + 3*s. Calculate the greatest common divisor of 11 and i.
11
Let w be 273/6 - (-3)/(-6). Calculate the greatest common divisor of 9 and w.
9
Let h(s) = s**3 - 5*s**2 - 7*s + 8. Let i be h(6). Let r be (10 + 2)/i - 0. Let u = 17 + 31. What is the highest common divisor of u and r?
6
Let w be (-24)/(-14)*(-147)/(-6). Suppose 2*f + 64 = -4*c, f = -2*f - 3*c - 90. Let t = w + f. Calculate the highest common divisor of t and 14.
14
Let u be -30*(15/2 + -4). Let r = -69 - u. What is the greatest common divisor of 4 and r?
4
Suppose -11 - 9 = -5*i. Calculate the greatest common factor of i and 10.
2
Suppose -5 = 4*p + 3. Let u be p + 1 - (4 + -1). Let k be (u/6)/(16/(-216)). What is the highest common divisor of k and 18?
9
Suppose -12*r - 99 + 243 = 0. Let t = 32 + 52. Calculate the highest common divisor of r and t.
12
Let p be (3 - 9)*(-2)/3. Suppose 0 = -p*h + 93 + 35. Suppose -5*r + 2*r = -6, -m + 10 = 3*r. Calculate the greatest common factor of m and h.
4
Suppose 2 = t + t. Let h(a) = 6*a**2 - 2*a + 1. Let j be h(t). Suppose -4*f - 14 = -j*f. What is the greatest common divisor of 126 and f?
14
Let d = -2 + 1. Let a be 130/(-35) + 2/(-7). Let y = d - a. Calculate the highest common divisor of 9 and y.
3
Suppose -5*u = h - 13, -3*h + 34 = 5*u - 15. What is the highest common factor of 81 and h?
9
Let p = 8 - -37. What is the greatest common factor of 5 and p?
5
Let b(r) = -r + 5. Let j be b(0). Suppose 5*f - 2*w = -6*w + 86, j*w - 90 = -5*f. What is the greatest common divisor of f and 2?
2
Let x(n) = -12*n + 12. Let y be x(-11). Calculate the greatest common divisor of 16 and y.
16
Suppose -s + 2*y = 6, 2*s + y - 19 = -6. Suppose -s*r = -p - 0 + 11, 0 = -2*r. Calculate the greatest common factor of p and 22.
11
Suppose -6*g + 4*g = 8, 0 = -2*x + 4*g + 28. Let z = -3 + x. What is the greatest common factor of 27 and z?
3
Suppose 2*s + 88 = -0*s. Let o = s + 80. Let r be ((-18)/(-4))/(9/48). Calculate the greatest common factor of r and o.
12
Suppose 311 + 18 = -v. Let n = -197 - v. Let r(z) = z**3 + 3*z**2 - 4*z. Let l be r(-3). What is the greatest common divisor of n and l?
12
Suppose 4*t = m + 193 - 16, 3*t + 4*m = 147. Let z = 50 - 20. Calculate the highest common factor of t and z.
15
Let v(h) = 9*h - 4. Let g be v(3). Let q(y) = -y**2 - y + 8. Let s be q(0). Let k = g - s. What is the highest common factor of k and 75?
15
Let p(x) = 5*x - 21. Let f be p(5). Calculate the greatest common factor of f and 4.
4
Let q(h) = -h**3 + 25*h**2 - 14*h + 2. Let y be q(24). Calculate the highest common factor of 22 and y.
22
Let g be (-6)/(-14) + (-5199)/(-21). Suppose g = 4*y + 5*z - 202, -5*y - 2*z = -571. What is the highest common factor of y and 46?
23
Suppose -s - z = 2*s - 158, -2*s = 3*z - 96. What is the highest common divisor of s and 18?
18
Let h(j) = 2*j + 2. Let l be h(2). Suppose t + 2 = 0, 3*s = -s + 3*t + 54. What is the greatest common divisor of l and s?
6
Let r = 25 + -16. Calculate the greatest common divisor of r and 81.
9
Let i = 0 + 3. Let c be 10/((-2)/(-2 - -1)). Let u be (c - 8)*(-2)/2. Calculate the greatest common factor of u and i.
3
Let k = 9 + 0. Suppose 0 = -4*t + 5*o + 324, t + 5*o - 55 = 26. What is the highest common divisor of k and t?
9
Suppose 2*k + 1 = 13. Suppose -f - 17 = -4*o, 5*f + 0 = -5. Suppose -5*w + 49 = -4*a, w - 6 = a + o. What is the highest common factor of k and w?
3
Let k = -7 - -10. Suppose k*z + m = 31, -4*z = 5*m - 64 + 19. Suppose 3 + 12 = 3*v. Calculate the highest common divisor of v and z.
5
Let s = -12 + 4. Let j = -37 + 64. Let i = s + j. Calculate the greatest common divisor of 57 and i.
19
Suppose 4*k - k = 48. Calculate the highest common factor of 48 and k.
16
Suppose 2*h - 3*m - 21 = 0, 4*m + 49 = 3*h + 3*m. Calculate the greatest common factor of h and 18.
18
Suppose 5*f - 4*f = 4. Suppose 70 = 6*r - f*r. Let g be (2/(-6))/(1/(-15)). Calculate the greatest common divisor of r and g.
5
Suppose -2*k + 22 = -k. Let j = 9 + 13. Calculate the greatest common divisor of j and k.
22
Suppose 0 = -5*b + 5*w - 20, -5*b + w + 2*w - 12 = 0. Suppose 2*s = -b*s + 10. Calculate the greatest common divisor of 45 and s.
5
Let c = 12 + -4. Let j be (-25)/((-3)/(-12)*-1). Let s = j - 44. Calculate the highest common factor of s and c.
8
Suppose 2*u = -5*y + 1 - 7, -y = 2. Suppose 5 + 3 = -2*h - 2*g, 0 = -4*h - g - 4. Let r = 1 - h. What is the greatest common factor of u and r?
1
Let r(j) = 6*j + 4. Let n be r(8). Suppose 0 = d - n + 18. Suppose -3 = v - 20. Calculate the highest common divisor of d and v.
17
Let k be (-1)/(1 - (-6)/(-8)). Let t be 32/(-8)*21/k. What is the highest common divisor of 63 and t?
21
Let n(c) = -c + 2 + c**2 + 3*c + c + c**2 - 4*c**3. Let a